{"id":6931,"date":"2021-09-03T16:10:44","date_gmt":"2021-09-03T14:10:44","guid":{"rendered":"https:\/\/lakarulina.com\/politica-de-privacitat\/"},"modified":"2022-02-11T15:39:40","modified_gmt":"2022-02-11T13:39:40","slug":"politica-de-privacitat","status":"publish","type":"page","link":"https:\/\/lakarulina.com\/ca\/politica-de-privacitat\/","title":{"rendered":"Pol\u00edtica de privacitat"},"content":{"rendered":"\t\t<div data-elementor-type=\"wp-page\" data-elementor-id=\"6931\" class=\"elementor elementor-6931\" data-elementor-post-type=\"page\">\n\t\t\t\t\t\t<section class=\"elementor-section elementor-top-section elementor-element elementor-element-b777f42 elementor-section-boxed elementor-section-height-default elementor-section-height-default\" data-id=\"b777f42\" data-element_type=\"section\" data-e-type=\"section\" data-settings=\"{&quot;background_background&quot;:&quot;classic&quot;}\">\n\t\t\t\t\t\t<div class=\"elementor-container elementor-column-gap-default\">\n\t\t\t\t\t<div class=\"elementor-column elementor-col-100 elementor-top-column elementor-element elementor-element-545e1ec\" data-id=\"545e1ec\" data-element_type=\"column\" data-e-type=\"column\">\n\t\t\t<div class=\"elementor-widget-wrap elementor-element-populated\">\n\t\t\t\t\t\t<div class=\"elementor-element elementor-element-2230638 elementor-widget elementor-widget-heading\" data-id=\"2230638\" data-element_type=\"widget\" data-e-type=\"widget\" data-widget_type=\"heading.default\">\n\t\t\t\t<div class=\"elementor-widget-container\">\n\t\t\t\t\t<h1 class=\"elementor-heading-title elementor-size-default\">Pol\u00edtica de privacitat<\/h1>\t\t\t\t<\/div>\n\t\t\t\t<\/div>\n\t\t\t\t\t<\/div>\n\t\t<\/div>\n\t\t\t\t\t<\/div>\n\t\t<\/section>\n\t\t\t\t<section class=\"elementor-section elementor-top-section elementor-element elementor-element-7675d011 elementor-section-boxed elementor-section-height-default elementor-section-height-default\" data-id=\"7675d011\" data-element_type=\"section\" data-e-type=\"section\">\n\t\t\t\t\t\t<div class=\"elementor-container elementor-column-gap-default\">\n\t\t\t\t\t<div class=\"elementor-column elementor-col-100 elementor-top-column elementor-element elementor-element-36080880\" data-id=\"36080880\" data-element_type=\"column\" data-e-type=\"column\">\n\t\t\t<div class=\"elementor-widget-wrap elementor-element-populated\">\n\t\t\t\t\t\t<div class=\"elementor-element elementor-element-3d618b0 elementor-widget elementor-widget-text-editor\" data-id=\"3d618b0\" data-element_type=\"widget\" data-e-type=\"widget\" data-widget_type=\"text-editor.default\">\n\t\t\t\t<div class=\"elementor-widget-container\">\n\t\t\t\t\t\t\t\t\t<p>De conformitat amb la normativa vigent i aplicable en protecci\u00f3 de dades de car\u00e0cter personal, us informem que les vostres dades seran incorporades al sistema de tractament titularitat de Carolina Bertran Peir\u00f3, d&#8217;ara endavant LaKarulina, amb DNI 46814618G i domicili social situat a Pla\u00e7a de Rafael Alberti, 3 17007, GIRONA, i que a continuaci\u00f3 es relacionen les seves finalitats respectives, terminis de conservaci\u00f3 i bases legitimadores.<\/p><p><br><\/p><p>Per a aquells tractaments que ho requereixin, s\u2019informa tamb\u00e9 de la possible elaboraci\u00f3 de perfils i decisions automatitzades, aix\u00ed com de les possibles cessions i les transfer\u00e8ncies internacionals que el TITULAR t\u00e9 previst realitzar:&nbsp;<\/p><p><br><\/p><p>\u2013 <b>Finalitat:<\/b> Atendre les vostres consultes i\/o sol\u00b7licituds i Instal\u00b7laci\u00f3 de cookies&nbsp;<\/p><p>\u2013 <b>Termini de conservaci\u00f3:<\/b> mentre es mantingui el consentiment prestat.&nbsp;<\/p><p>&#8211; <b>Base leg\u00edtima:<\/b> El consentiment de l\u2019interessat.&nbsp;<\/p><p><br><\/p><p>D\u2019acord amb els drets que us confereix la normativa vigent i aplicable en protecci\u00f3 de dades podreu exercir els drets d\u2019acc\u00e9s, rectificaci\u00f3, limitaci\u00f3 de tractament, supressi\u00f3 (\u201cdret a l\u2019oblit\u201d), portabilitat i oposici\u00f3 al tractament de les vostres dades de car\u00e0cter personal aix\u00ed com la revocaci\u00f3 del consentiment prestat per al tractament dels mateixos, dirigint la seva petici\u00f3 al correu electr\u00f2nic &#x68;&#x6f;&#x6c;&#x61;&#64;&#108;&#97;ka&#x72;&#x75;&#x6c;&#x69;&#x6e;&#97;&#46;&#99;om. Podr\u00e0 adre\u00e7ar-se a lAutoritat de Control competent per presentar la reclamaci\u00f3 que consideri oportuna.&nbsp;<\/p><p><br><\/p><p>Les dades identificades amb una marca (*) s\u2019entenen com a camps obligatoris i requerits, en conseq\u00fc\u00e8ncia s\u2019entenen com a necess\u00e0ries per emprendre les finalitats esmentades amb anterioritat.<\/p><p><br><\/p><p>Amb l\u2019enviament del formulari de recollida de dades vost\u00e8 accepta la pol\u00edtica de privacitat del TITULAR.<\/p>\t\t\t\t\t\t\t\t<\/div>\n\t\t\t\t<\/div>\n\t\t\t\t<div class=\"elementor-element elementor-element-d4fd1eb elementor-widget elementor-widget-spacer\" data-id=\"d4fd1eb\" data-element_type=\"widget\" data-e-type=\"widget\" data-widget_type=\"spacer.default\">\n\t\t\t\t<div class=\"elementor-widget-container\">\n\t\t\t\t\t\t\t<div class=\"elementor-spacer\">\n\t\t\t<div class=\"elementor-spacer-inner\"><\/div>\n\t\t<\/div>\n\t\t\t\t\t\t<\/div>\n\t\t\t\t<\/div>\n\t\t\t\t\t<\/div>\n\t\t<\/div>\n\t\t\t\t\t<\/div>\n\t\t<\/section>\n\t\t\t\t<\/div>\n\t\t","protected":false},"excerpt":{"rendered":"<p>De conformitat amb la normativa vigent i aplicable en protecci\u00f3 de dades de car\u00e0cter personal, us informem que les vostres dades seran incorporades al sistema de tractament titularitat de Carolina Bertran Peir\u00f3, d&#8217;ara endavant LaKarulina, amb DNI 46814618G i domicili social situat a Pla\u00e7a de Rafael Alberti, 3 17007, GIRONA, i que a continuaci\u00f3 es [&hellip;]<\/p>\n","protected":false},"author":1,"featured_media":0,"parent":0,"menu_order":0,"comment_status":"closed","ping_status":"open","template":"","meta":{"_acf_changed":false,"footnotes":""},"class_list":["post-6931","page","type-page","status-publish","hentry"],"acf":[],"yoast_head":"<!-- This site is optimized with the Yoast SEO plugin v27.5 - https:\/\/yoast.com\/product\/yoast-seo-wordpress\/ -->\n<title>Pol\u00edtica de privacitat &#8226; LaKarulina<\/title>\n<meta name=\"robots\" content=\"index, follow, max-snippet:-1, max-image-preview:large, max-video-preview:-1\" \/>\n<link rel=\"canonical\" href=\"https:\/\/lakarulina.com\/ca\/politica-de-privacitat\/\" \/>\n<meta property=\"og:locale\" content=\"ca_ES\" \/>\n<meta property=\"og:type\" content=\"article\" \/>\n<meta property=\"og:title\" content=\"Pol\u00edtica de privacitat &#8226; LaKarulina\" \/>\n<meta property=\"og:description\" content=\"De conformitat amb la normativa vigent i aplicable en protecci\u00f3 de dades de car\u00e0cter personal, us informem que les vostres dades seran incorporades al sistema de tractament titularitat de Carolina Bertran Peir\u00f3, d&#8217;ara endavant LaKarulina, amb DNI 46814618G i domicili social situat a Pla\u00e7a de Rafael Alberti, 3 17007, GIRONA, i que a continuaci\u00f3 es [&hellip;]\" \/>\n<meta property=\"og:url\" content=\"https:\/\/lakarulina.com\/ca\/politica-de-privacitat\/\" \/>\n<meta property=\"og:site_name\" content=\"LaKarulina\" \/>\n<meta property=\"article:publisher\" content=\"https:\/\/www.facebook.com\/lakarulina\" \/>\n<meta property=\"article:modified_time\" content=\"2022-02-11T13:39:40+00:00\" \/>\n<meta name=\"twitter:card\" content=\"summary_large_image\" \/>\n<meta name=\"twitter:label1\" content=\"Temps estimat de lectura\" \/>\n\t<meta name=\"twitter:data1\" content=\"1 minut\" \/>\n<script type=\"application\/ld+json\" class=\"yoast-schema-graph\">{\"@context\":\"https:\\\/\\\/schema.org\",\"@graph\":[{\"@type\":\"WebPage\",\"@id\":\"https:\\\/\\\/lakarulina.com\\\/ca\\\/politica-de-privacitat\\\/\",\"url\":\"https:\\\/\\\/lakarulina.com\\\/ca\\\/politica-de-privacitat\\\/\",\"name\":\"Pol\u00edtica de privacitat &#8226; LaKarulina\",\"isPartOf\":{\"@id\":\"https:\\\/\\\/lakarulina.com\\\/#website\"},\"datePublished\":\"2021-09-03T14:10:44+00:00\",\"dateModified\":\"2022-02-11T13:39:40+00:00\",\"breadcrumb\":{\"@id\":\"https:\\\/\\\/lakarulina.com\\\/ca\\\/politica-de-privacitat\\\/#breadcrumb\"},\"inLanguage\":\"ca\",\"potentialAction\":[{\"@type\":\"ReadAction\",\"target\":[\"https:\\\/\\\/lakarulina.com\\\/ca\\\/politica-de-privacitat\\\/\"]}]},{\"@type\":\"BreadcrumbList\",\"@id\":\"https:\\\/\\\/lakarulina.com\\\/ca\\\/politica-de-privacitat\\\/#breadcrumb\",\"itemListElement\":[{\"@type\":\"ListItem\",\"position\":1,\"name\":\"Inicio\",\"item\":\"https:\\\/\\\/lakarulina.com\\\/ca\\\/\"},{\"@type\":\"ListItem\",\"position\":2,\"name\":\"Pol\u00edtica de privacitat\"}]},{\"@type\":\"WebSite\",\"@id\":\"https:\\\/\\\/lakarulina.com\\\/#website\",\"url\":\"https:\\\/\\\/lakarulina.com\\\/\",\"name\":\"LaKarulina\",\"description\":\"Estudio de branding y dise\u00f1o web estrat\u00e9gico en Girona\",\"publisher\":{\"@id\":\"https:\\\/\\\/lakarulina.com\\\/#organization\"},\"potentialAction\":[{\"@type\":\"SearchAction\",\"target\":{\"@type\":\"EntryPoint\",\"urlTemplate\":\"https:\\\/\\\/lakarulina.com\\\/?s={search_term_string}\"},\"query-input\":{\"@type\":\"PropertyValueSpecification\",\"valueRequired\":true,\"valueName\":\"search_term_string\"}}],\"inLanguage\":\"ca\"},{\"@type\":\"Organization\",\"@id\":\"https:\\\/\\\/lakarulina.com\\\/#organization\",\"name\":\"LaKarulina\",\"url\":\"https:\\\/\\\/lakarulina.com\\\/\",\"logo\":{\"@type\":\"ImageObject\",\"inLanguage\":\"ca\",\"@id\":\"https:\\\/\\\/lakarulina.com\\\/#\\\/schema\\\/logo\\\/image\\\/\",\"url\":\"https:\\\/\\\/lakarulina.com\\\/wp-content\\\/uploads\\\/2021\\\/09\\\/logo-lakarulina-header-white.png\",\"contentUrl\":\"https:\\\/\\\/lakarulina.com\\\/wp-content\\\/uploads\\\/2021\\\/09\\\/logo-lakarulina-header-white.png\",\"width\":215,\"height\":50,\"caption\":\"LaKarulina\"},\"image\":{\"@id\":\"https:\\\/\\\/lakarulina.com\\\/#\\\/schema\\\/logo\\\/image\\\/\"},\"sameAs\":[\"https:\\\/\\\/www.facebook.com\\\/lakarulina\",\"http:\\\/\\\/instagram.com\\\/lakarulina\",\"https:\\\/\\\/www.pinterest.es\\\/lakarulina\\\/\"]}]}<\/script>\n<!-- \/ Yoast SEO plugin. -->","yoast_head_json":{"title":"Pol\u00edtica de privacitat &#8226; LaKarulina","robots":{"index":"index","follow":"follow","max-snippet":"max-snippet:-1","max-image-preview":"max-image-preview:large","max-video-preview":"max-video-preview:-1"},"canonical":"https:\/\/lakarulina.com\/ca\/politica-de-privacitat\/","og_locale":"ca_ES","og_type":"article","og_title":"Pol\u00edtica de privacitat &#8226; LaKarulina","og_description":"De conformitat amb la normativa vigent i aplicable en protecci\u00f3 de dades de car\u00e0cter personal, us informem que les vostres dades seran incorporades al sistema de tractament titularitat de Carolina Bertran Peir\u00f3, d&#8217;ara endavant LaKarulina, amb DNI 46814618G i domicili social situat a Pla\u00e7a de Rafael Alberti, 3 17007, GIRONA, i que a continuaci\u00f3 es [&hellip;]","og_url":"https:\/\/lakarulina.com\/ca\/politica-de-privacitat\/","og_site_name":"LaKarulina","article_publisher":"https:\/\/www.facebook.com\/lakarulina","article_modified_time":"2022-02-11T13:39:40+00:00","twitter_card":"summary_large_image","twitter_misc":{"Temps estimat de lectura":"1 minut"},"schema":{"@context":"https:\/\/schema.org","@graph":[{"@type":"WebPage","@id":"https:\/\/lakarulina.com\/ca\/politica-de-privacitat\/","url":"https:\/\/lakarulina.com\/ca\/politica-de-privacitat\/","name":"Pol\u00edtica de privacitat &#8226; LaKarulina","isPartOf":{"@id":"https:\/\/lakarulina.com\/#website"},"datePublished":"2021-09-03T14:10:44+00:00","dateModified":"2022-02-11T13:39:40+00:00","breadcrumb":{"@id":"https:\/\/lakarulina.com\/ca\/politica-de-privacitat\/#breadcrumb"},"inLanguage":"ca","potentialAction":[{"@type":"ReadAction","target":["https:\/\/lakarulina.com\/ca\/politica-de-privacitat\/"]}]},{"@type":"BreadcrumbList","@id":"https:\/\/lakarulina.com\/ca\/politica-de-privacitat\/#breadcrumb","itemListElement":[{"@type":"ListItem","position":1,"name":"Inicio","item":"https:\/\/lakarulina.com\/ca\/"},{"@type":"ListItem","position":2,"name":"Pol\u00edtica de privacitat"}]},{"@type":"WebSite","@id":"https:\/\/lakarulina.com\/#website","url":"https:\/\/lakarulina.com\/","name":"LaKarulina","description":"Estudio de branding y dise\u00f1o web estrat\u00e9gico en Girona","publisher":{"@id":"https:\/\/lakarulina.com\/#organization"},"potentialAction":[{"@type":"SearchAction","target":{"@type":"EntryPoint","urlTemplate":"https:\/\/lakarulina.com\/?s={search_term_string}"},"query-input":{"@type":"PropertyValueSpecification","valueRequired":true,"valueName":"search_term_string"}}],"inLanguage":"ca"},{"@type":"Organization","@id":"https:\/\/lakarulina.com\/#organization","name":"LaKarulina","url":"https:\/\/lakarulina.com\/","logo":{"@type":"ImageObject","inLanguage":"ca","@id":"https:\/\/lakarulina.com\/#\/schema\/logo\/image\/","url":"https:\/\/lakarulina.com\/wp-content\/uploads\/2021\/09\/logo-lakarulina-header-white.png","contentUrl":"https:\/\/lakarulina.com\/wp-content\/uploads\/2021\/09\/logo-lakarulina-header-white.png","width":215,"height":50,"caption":"LaKarulina"},"image":{"@id":"https:\/\/lakarulina.com\/#\/schema\/logo\/image\/"},"sameAs":["https:\/\/www.facebook.com\/lakarulina","http:\/\/instagram.com\/lakarulina","https:\/\/www.pinterest.es\/lakarulina\/"]}]}},"_links":{"self":[{"href":"https:\/\/lakarulina.com\/ca\/wp-json\/wp\/v2\/pages\/6931","targetHints":{"allow":["GET"]}}],"collection":[{"href":"https:\/\/lakarulina.com\/ca\/wp-json\/wp\/v2\/pages"}],"about":[{"href":"https:\/\/lakarulina.com\/ca\/wp-json\/wp\/v2\/types\/page"}],"author":[{"embeddable":true,"href":"https:\/\/lakarulina.com\/ca\/wp-json\/wp\/v2\/users\/1"}],"replies":[{"embeddable":true,"href":"https:\/\/lakarulina.com\/ca\/wp-json\/wp\/v2\/comments?post=6931"}],"version-history":[{"count":0,"href":"https:\/\/lakarulina.com\/ca\/wp-json\/wp\/v2\/pages\/6931\/revisions"}],"wp:attachment":[{"href":"https:\/\/lakarulina.com\/ca\/wp-json\/wp\/v2\/media?parent=6931"}],"curies":[{"name":"wp","href":"https:\/\/api.w.org\/{rel}","templated":true}]}}

Política de privacitat

<div data-elementor-type="wp-page" data-elementor-id="6931" class="elementor elementor-6931" data-elementor-post-type="page">
						<section class="elementor-section elementor-top-section elementor-element elementor-element-b777f42 elementor-section-boxed elementor-section-height-default elementor-section-height-default" data-id="b777f42" data-element_type="section" data-e-type="section" data-settings="{&quot;background_background&quot;:&quot;classic&quot;}">
						<div class="elementor-container elementor-column-gap-default">
					<div class="elementor-column elementor-col-100 elementor-top-column elementor-element elementor-element-545e1ec" data-id="545e1ec" data-element_type="column" data-e-type="column">
			<div class="elementor-widget-wrap elementor-element-populated">
						<div class="elementor-element elementor-element-2230638 elementor-widget elementor-widget-heading" data-id="2230638" data-element_type="widget" data-e-type="widget" data-widget_type="heading.default">
				<div class="elementor-widget-container">
					<h1 class="elementor-heading-title elementor-size-default">Política de privacitat</h1>				</div>
				</div>
					</div>
		</div>
					</div>
		</section>
				<section class="elementor-section elementor-top-section elementor-element elementor-element-7675d011 elementor-section-boxed elementor-section-height-default elementor-section-height-default" data-id="7675d011" data-element_type="section" data-e-type="section">
						<div class="elementor-container elementor-column-gap-default">
					<div class="elementor-column elementor-col-100 elementor-top-column elementor-element elementor-element-36080880" data-id="36080880" data-element_type="column" data-e-type="column">
			<div class="elementor-widget-wrap elementor-element-populated">
						<div class="elementor-element elementor-element-3d618b0 elementor-widget elementor-widget-text-editor" data-id="3d618b0" data-element_type="widget" data-e-type="widget" data-widget_type="text-editor.default">
				<div class="elementor-widget-container">
									<p>De conformitat amb la normativa vigent i aplicable en protecció de dades de caràcter personal, us informem que les vostres dades seran incorporades al sistema de tractament titularitat de Carolina Bertran Peiró, d&#8217;ara endavant LaKarulina, amb DNI 46814618G i domicili social situat a Plaça de Rafael Alberti, 3 17007, GIRONA, i que a continuació es relacionen les seves finalitats respectives, terminis de conservació i bases legitimadores.</p><p><br></p><p>Per a aquells tractaments que ho requereixin, s’informa també de la possible elaboració de perfils i decisions automatitzades, així com de les possibles cessions i les transferències internacionals que el TITULAR té previst realitzar:&nbsp;</p><p><br></p><p>– <b>Finalitat:</b> Atendre les vostres consultes i/o sol·licituds i Instal·lació de cookies&nbsp;</p><p>– <b>Termini de conservació:</b> mentre es mantingui el consentiment prestat.&nbsp;</p><p>&#8211; <b>Base legítima:</b> El consentiment de l’interessat.&nbsp;</p><p><br></p><p>D’acord amb els drets que us confereix la normativa vigent i aplicable en protecció de dades podreu exercir els drets d’accés, rectificació, limitació de tractament, supressió (“dret a l’oblit”), portabilitat i oposició al tractament de les vostres dades de caràcter personal així com la revocació del consentiment prestat per al tractament dels mateixos, dirigint la seva petició al correu electrònic &#x68;&#x6f;&#x6c;&#x61;&#64;&#108;&#97;ka&#x72;&#x75;&#x6c;&#x69;&#x6e;&#97;&#46;&#99;om. Podrà adreçar-se a lAutoritat de Control competent per presentar la reclamació que consideri oportuna.&nbsp;</p><p><br></p><p>Les dades identificades amb una marca (*) s’entenen com a camps obligatoris i requerits, en conseqüència s’entenen com a necessàries per emprendre les finalitats esmentades amb anterioritat.</p><p><br></p><p>Amb l’enviament del formulari de recollida de dades vostè accepta la política de privacitat del TITULAR.</p>								</div>
				</div>
				<div class="elementor-element elementor-element-d4fd1eb elementor-widget elementor-widget-spacer" data-id="d4fd1eb" data-element_type="widget" data-e-type="widget" data-widget_type="spacer.default">
				<div class="elementor-widget-container">
							<div class="elementor-spacer">
			<div class="elementor-spacer-inner"></div>
		</div>
						</div>
				</div>
					</div>
		</div>
					</div>
		</section>
				</div>

<p>De conformitat amb la normativa vigent i aplicable en protecció de dades de caràcter personal, us informem que les vostres dades seran incorporades al sistema de tractament titularitat de Carolina Bertran Peiró, d&#8217;ara endavant LaKarulina, amb DNI 46814618G i domicili social situat a Plaça de Rafael Alberti, 3 17007, GIRONA, i que a continuació es [&hellip;]</p>

<!-- This site is optimized with the Yoast SEO plugin v27.5 - https://yoast.com/product/yoast-seo-wordpress/ -->
<title>Política de privacitat &#8226; LaKarulina</title>
<meta name="robots" content="index, follow, max-snippet:-1, max-image-preview:large, max-video-preview:-1" />
<link rel="canonical" href="https://lakarulina.com/ca/politica-de-privacitat/" />
<meta property="og:locale" content="ca_ES" />
<meta property="og:type" content="article" />
<meta property="og:title" content="Política de privacitat &#8226; LaKarulina" />
<meta property="og:description" content="De conformitat amb la normativa vigent i aplicable en protecció de dades de caràcter personal, us informem que les vostres dades seran incorporades al sistema de tractament titularitat de Carolina Bertran Peiró, d&#8217;ara endavant LaKarulina, amb DNI 46814618G i domicili social situat a Plaça de Rafael Alberti, 3 17007, GIRONA, i que a continuació es [&hellip;]" />
<meta property="og:url" content="https://lakarulina.com/ca/politica-de-privacitat/" />
<meta property="og:site_name" content="LaKarulina" />
<meta property="article:publisher" content="https://www.facebook.com/lakarulina" />
<meta property="article:modified_time" content="2022-02-11T13:39:40+00:00" />
<meta name="twitter:card" content="summary_large_image" />
<meta name="twitter:label1" content="Temps estimat de lectura" />
	<meta name="twitter:data1" content="1 minut" />
<script type="application/ld+json" class="yoast-schema-graph">{"@context":"https:\/\/schema.org","@graph":[{"@type":"WebPage","@id":"https:\/\/lakarulina.com\/ca\/politica-de-privacitat\/","url":"https:\/\/lakarulina.com\/ca\/politica-de-privacitat\/","name":"Política de privacitat &#8226; LaKarulina","isPartOf":{"@id":"https:\/\/lakarulina.com\/#website"},"datePublished":"2021-09-03T14:10:44+00:00","dateModified":"2022-02-11T13:39:40+00:00","breadcrumb":{"@id":"https:\/\/lakarulina.com\/ca\/politica-de-privacitat\/#breadcrumb"},"inLanguage":"ca","potentialAction":[{"@type":"ReadAction","target":["https:\/\/lakarulina.com\/ca\/politica-de-privacitat\/"]}]},{"@type":"BreadcrumbList","@id":"https:\/\/lakarulina.com\/ca\/politica-de-privacitat\/#breadcrumb","itemListElement":[{"@type":"ListItem","position":1,"name":"Inicio","item":"https:\/\/lakarulina.com\/ca\/"},{"@type":"ListItem","position":2,"name":"Política de privacitat"}]},{"@type":"WebSite","@id":"https:\/\/lakarulina.com\/#website","url":"https:\/\/lakarulina.com\/","name":"LaKarulina","description":"Estudio de branding y diseño web estratégico en Girona","publisher":{"@id":"https:\/\/lakarulina.com\/#organization"},"potentialAction":[{"@type":"SearchAction","target":{"@type":"EntryPoint","urlTemplate":"https:\/\/lakarulina.com\/?s={search_term_string}"},"query-input":{"@type":"PropertyValueSpecification","valueRequired":true,"valueName":"search_term_string"}}],"inLanguage":"ca"},{"@type":"Organization","@id":"https:\/\/lakarulina.com\/#organization","name":"LaKarulina","url":"https:\/\/lakarulina.com\/","logo":{"@type":"ImageObject","inLanguage":"ca","@id":"https:\/\/lakarulina.com\/#\/schema\/logo\/image\/","url":"https:\/\/lakarulina.com\/wp-content\/uploads\/2021\/09\/logo-lakarulina-header-white.png","contentUrl":"https:\/\/lakarulina.com\/wp-content\/uploads\/2021\/09\/logo-lakarulina-header-white.png","width":215,"height":50,"caption":"LaKarulina"},"image":{"@id":"https:\/\/lakarulina.com\/#\/schema\/logo\/image\/"},"sameAs":["https:\/\/www.facebook.com\/lakarulina","http:\/\/instagram.com\/lakarulina","https:\/\/www.pinterest.es\/lakarulina\/"]}]}</script>
<!-- / Yoast SEO plugin. -->

Política de privacitat &#8226; LaKarulina

De conformitat amb la normativa vigent i aplicable en protecció de dades de caràcter personal, us informem que les vostres dades seran incorporades al sistema de tractament titularitat de Carolina Bertran Peiró, d&#8217;ara endavant LaKarulina, amb DNI 46814618G i domicili social situat a Plaça de Rafael Alberti, 3 17007, GIRONA, i que a continuació es [&hellip;]

Estudio de branding y diseño web estratégico en Girona
